e remainder when 1382 is divided by 58.
48
What is the remainder when 1973 is divided by 79?
77
What is the remainder when 75 is divided by 8?
3
Calculate the remainder when 103 is divided by 5.
3
What is the remainder when 324 is divided by 312?
12
What is the remainder when 773 is divided by 37?
33
What is the remainder when 57 is divided by 36?
21
Calculate the remainder when 183 is divided by 46.
45
Calculate the remainder when 354 is divided by 245.
109
What is the remainder when 1943 is divided by 9?
8
Calculate the remainder when 139 is divided by 37.
28
Calculate the remainder when 859 is divided by 18.
13
Calculate the remainder when 569 is divided by 13.
10
What is the remainder when 319 is divided by 15?
4
What is the remainder when 71 is divided by 63?
8
What is the remainder when 162 is divided by 33?
30
What is the remainder when 205 is divided by 31?
19
Calculate the remainder when 1805 is divided by 32.
13
Calculate the remainder when 3677 is divided by 46.
43
Calculate the remainder when 144 is divided by 30.
24
What is the remainder when 117 is divided by 10?
7
Calculate the remainder when 1436 is divided by 11.
6
Calculate the remainder when 1180 is divided by 44.
36
What is the remainder when 179 is divided by 98?
81
Calculate the remainder when 538 is divided by 172.
22
What is the remainder when 12848 is divided by 34?
30
Calculate the remainder when 187 is divided by 28.
19
Calculate the remainder when 304 is divided by 22.
18
Calculate the remainder when 75 is divided by 41.
34
Calculate the remainder when 1138 is divided by 89.
70
What is the remainder when 5252 is divided by 14?
2
Calculate the remainder when 2585 is divided by 108.
101
What is the remainder when 166 is divided by 25?
16
Calculate the remainder when 678 is divided by 6.
0
Calculate the remainder when 50 is divided by 3.
2
Calculate the remainder when 756 is divided by 155.
136
Calculate the remainder when 2636 is divided by 115.
106
Calculate the remainder when 883 is divided by 3.
1
What is the remainder when 567 is divided by 169?
60
What is the remainder when 837 is divided by 65?
57
Calculate the remainder when 466 is divided by 97.
78
Calculate the remainder when 187 is divided by 10.
7
Calculate the remainder when 1630 is divided by 11.
2
What is the remainder when 167 is divided by 48?
23
What is the remainder when 166 is divided by 44?
34
What is the remainder when 472 is divided by 157?
1
What is the remainder when 701 is divided by 22?
19
Calculate the remainder when 1693 is divided by 16.
13
What is the remainder when 1434 is divided by 180?
174
Calculate the remainder when 33 is divided by 7.
5
What is the remainder when 3229 is divided by 359?
357
What is the remainder when 457 is divided by 23?
20
What is the remainder when 112 is divided by 53?
6
Calculate the remainder when 182 is divided by 74.
34
What is the remainder when 142 is divided by 27?
7
Calculate the remainder when 192 is divided by 28.
24
What is the remainder when 4129 is divided by 180?
169
What is the remainder when 4157 is divided by 7?
6
What is the remainder when 713 is divided by 45?
38
Calculate the remainder when 76 is divided by 66.
10
Calculate the remainder when 102 is divided by 36.
30
What is the remainder when 198 is divided by 40?
38
What is the remainder when 214 is divided by 44?
38
Calculate the remainder when 317 is divided by 64.
61
What is the remainder when 71 is divided by 20?
11
Calculate the remainder when 999 is divided by 72.
63
Calculate the remainder when 48 is divided by 33.
15
Calculate the remainder when 308 is divided by 12.
8
Calculate the remainder when 409 is divided by 133.
10
What is the remainder when 2293 is divided by 51?
49
Calculate the remainder when 1117 is divided by 74.
7
Calculate the remainder when 2751 is divided by 64.
63
Calculate the remainder when 440 is divided by 107.
12
Calculate the remainder when 262 is divided by 67.
61
Calculate the remainder when 577 is divided by 29.
26
Calculate the remainder when 316 is divided by 7.
1
Calculate the remainder when 72 is divided by 27.
18
Calculate the remainder when 323 is divided by 36.
35
What is the remainder when 869 is divided by 174?
173
Calculate the remainder when 711 is divided by 20.
11
Calculate the remainder when 21091 is divided by 20.
11
What is the remainder when 131 is divided by 22?
21
Calculate the remainder when 46 is divided by 7.
4
What is the remainder when 1449 is divided by 32?
9
What is the remainder when 1401 is divided by 10?
1
Calculate the remainder when 811 is divided by 19.
13
Calculate the remainder when 5960 is divided by 14.
10
What is the remainder when 52 is divided by 15?
7
What is the remainder when 33000 is divided by 58?
56
What is the remainder when 96 is divided by 17?
11
What is the remainder when 678 is divided by 113?
0
Calculate the remainder when 490 is divided by 25.
15
Calculate the remainder when 152 is divided by 13.
9
Calculate the remainder when 321 is divided by 157.
7
What is the remainder when 2846 is divided by 13?
12
What is the remainder when 95 is divided by 60?
35
What is the remainder when 1448 is divided by 69?
68
Calculate the remainder when 727 is divided by 61.
56
What is the remainder when 7918 is divided by 17?
13
What is the remainder when 233 is divided by 105?
23
Calculate the remainder when 61 is divided by 34.
27
Calculate the remainder when 654 is divided by 164.
162
Calculate the remainder when 3242 is divided by 11.
8
What is the remainder when 628 is divided by 201?
25
What is the remainder when 399 is divided by 40?
39
What is the remainder when 42 is divided by 17?
8
What is the remainder when 369 is divided by 12?
9
Calculate the remainder when 644 is divided by 81.
77
Calculate the remainder when 2320 is divided by 75.
70
Calculate the remainder when 78 is divided by 23.
9
Calculate the remainder when 453 is divided by 12.
9
Calculate the remainder when 20 is divided by 18.
2
What is the remainder when 1420 is divided by 18?
16
What is the remainder when 805 is divided by 81?
76
Calculate the remainder when 774 is divided by 59.
7
What is the remainder when 483 is divided by 11?
10
Calculate the remainder when 7567 is divided by 44.
43
Calculate the remainder when 44 is divided by 22.
0
What is the remainder when 2279 is divided by 9?
2
What is the remainder when 278 is divided by 133?
12
Calculate the remainder when 516 is divided by 104.
100
What is the remainder when 539 is divided by 17?
12
Calculate the remainder when 275 is divided by 2.
1
Calculate the remainder when 320 is divided by 107.
106
What is the remainder when 6435 is divided by 74?
71
What is the remainder when 2361 is divided by 197?
194
Calculate the remainder when 905 is divided by 17.
4
Calculate the remainder when 63 is divided by 17.
12
Calculate the remainder when 2182 is divided by 129.
118
What is the remainder when 194 is divided by 14?
12
Calculate the remainder when 1844 is divided by 45.
44
What is the remainder when 73 is divided by 38?
35
Calculate the remainder when 457 is divided by 6.
1
What is the remainder when 1553 is divided by 42?
41
What is the remainder when 4366 is divided by 24?
22
Calculate the remainder when 841 is divided by 46.
13
Calculate the remainder when 1452 is divided by 713.
26
What is the remainder when 102 is divided by 28?
18
What is the remainder when 68 is divided by 9?
5
Calculate the remainder when 735 is divided by 3.
0
What is the remainder when 321 is divided by 95?
36
Calculate the remainder when 158 is divided by 64.
30
What is the remainder when 681 is divided by 12?
9
What is the remainder when 270 is divided by 54?
0
Calculate the remainder when 949 is divided by 191.
185
Calculate the remainder when 62 is divided by 9.
8
Calculate the remainder when 2116 is divided by 13.
10
Calculate the remainder when 192 is divided by 10.
2
Calculate the remainder when 150 is divided by 131.
19
What is the remainder when 2066 is divided by 1028?
10
What is the remainder when 588 is divided by 74?
70
What is the remainder when 1135 is divided by 373?
16
What is the remainder when 96 is divided by 94?
2
Calculate the remainder when 401 is divided by 7.
2
What is the remainder when 116